 (base 4) to base 11
571220
Convert 1100001010010010000 (base 2) to base 11.
252425
Convert -2010122111102 (base 3) to base 15.
-17630b
What is -644111 (base 9) in base 6?
-12115401
2d3e7 (base 15) to base 11
9a783
What is -20212012100 (base 3) in base 7?
-1101420
Convert -25ce0 (base 16) to base 13.
-55635
What is -306343 (base 7) in base 6?
-1043441
3544345 (base 6) to base 10
185033
What is -1100212002010221 (base 3) in base 6?
-1535444341
What is -6206b (base 15) in base 6?
-10353545
What is -25544230 (base 8) in base 12?
-1aa3420
Convert -114f45 (base 16) to base 6.
-40151513
What is -30201021012 (base 4) in base 11?
-1941472
1479b14 (base 13) to base 5
3133033212
Convert 143521561 (base 7) to base 5.
4413021023
Convert 37601 (base 11) to base 9.
82023
What is 225206315 (base 7) in base 15?
13291ae
What is 3132543 (base 6) in base 5?
14333041
-ca0670 (base 13) to base 15
-63a18b
2d05e9 (base 16) to base 5
1223410013
-101110000101000111001010 (base 2) to base 8
-56050712
What is -8b3821 (base 12) in base 6?
-115405241
Convert -b01852 (base 12) to base 15.
-391d2e
-122703 (base 12) to base 15
-5c516
Convert 363032 (base 7) to base 16.
10157
-2093 (base 11) to base 13
-1348
What is -10001011111111101 (base 2) in base 7?
-415654
21020321001 (base 4) to base 11
1396a31
-1227a7 (base 13) to base 7
-3455453
869a (base 13) to base 14
6b6d
What is 11000110110001001000001 (base 2) in base 5?
3131410332
What is 10100110011101111110 (base 2) in base 5?
133304404
1202054 (base 7) to base 4
211012310
Convert -660ab (base 16) to base 6.
-12543003
What is 11010100010101110 (base 2) in base 10?
108718
Convert 13231410 (base 5) to base 2.
100000100011101011
Convert -1061643 (base 8) to base 7.
-2305430
What is -422043410 (base 5) in base 2?
-110101011111110010100
-107867 (base 12) to base 7
-2141212
12022221 (base 4) to base 6
312533
Convert 4263202 (base 7) to base 6.
15050121
What is 220768a (base 12) in base 16?
62eb0a
-71a528 (base 11) to base 5
-243442233
What is 184032 (base 12) in base 15?
84e15
-24692 (base 10) to base 9
-36775
Convert 36750b (base 12) to base 5.
211234424
Convert -331367 (base 9) to base 12.
-96607
Convert -3657619 (base 10) to base 8.
-15747623
-301304240 (base 5) to base 7
-13115044
What is 40422615 (base 7) in base 13?
90b82c
What is 11122222212202 (base 3) in base 4?
21131131202
Convert -9dda (base 15) to base 13.
-12334
5332116 (base 7) to base 12
272249
What is 2892477 (base 10) in base 12?
b75a79
-264058 (base 12) to base 7
-5226665
What is 21060010 (base 7) in base 4?
12302113030
What is -1135347 (base 14) in base 4?
-133101031303
Convert 319663 (base 10) to base 12.
134ba7
What is 450453153 (base 6) in base 5?
4042001240
-1120012 (base 3) to base 14
-5b5
Convert -202612 (base 8) to base 5.
-4120304
-76839 (base 11) to base 15
-23073
What is -12331444 (base 5) in base 3?
-20010210211
What is 10056624 (base 7) in base 4?
3030210132
What is -1661761 (base 10) in base 2?
-110010101101101000001
26165 (base 11) to base 14
d91a
523877 (base 10) to base 9
877555
Convert a0a42 (base 11) to base 2.
100100000011010010
Convert 11003110 (base 5) to base 7.
541335
1011111101011010111 (base 2) to base 4
1133223113
What is 25030 (base 6) in base 16?
e6a
Convert -ba033 (base 12) to base 4.
-323322213
What is 6576de (base 16) in base 13?
14ba871
What is -433221341 (base 6) in base 11?
-43a0772
What is 10022222202112 (base 3) in base 5?
423140140
-92ab18 (base 13) to base 12
-1190815
1a8aba (base 12) to base 3
212221220121
-556a9 (base 12) to base 11
-78152
What is 142202043 (base 5) in base 3?
1101122022200
What is 13402240243 (base 5) in base 4?
1001231330311
Convert -1e3e3 (base 15) to base 2.
-11000000111001011
What is -2212110020002 (base 3) in base 8?
-5641427
Convert -523355 (base 9) to base 13.
-ab644
What is 4b571b (base 12) in base 3?
2022122111012
-1d74a (base 14) to base 8
-223406
Convert 70076 (base 8) to base 16.
703e
2018208 (base 10) to base 11
1159345
What is 462206 (base 10) in base 15?
91e3b
Convert 10000011202000 (base 3) to base 7.
16403151
6268c (base 14) to base 6
5030312
Convert -6514217 (base 9) to base 16.
-354eaa
Convert -40664 (base 9) to base 8.
-64244
What is -102122102202 (base 3) in base 4?
-313331213
-8432160 (base 10) to base 13
-1993059
-427000 (base 9) to base 13
-8ba5b
3388416 (base 9) to base 6
103120453
Convert -1366061 (base 13) to base 16.
-5d7703
-1152635 (base 7) to base 13
-52178
What is 622876 (base 9) in base 2?
1011010001110110111
What is -191b2 (base 14) in base 12?
-30888
420bea (base 15) to base 11
185623a
Convert -1b9 (base 15) to base 8.
-617
Convert 10a9931 (base 13) to base 12.
1876b09
Convert -6212b (base 13) to base 4.
-222331132
What is -60107 (base 9) in base 4?
-21220132
-10623516 (base 8) to base 15
-307932
What is -18bc33a (base 13) in base 2?
-11111000010111000000100
8799 (base 12) to base 7
61404
What is 24b88 (base 15) in base 7?
666065
Convert 5963356 (base 10) to base 4.
112233321130
Convert -4502142 (base 6) to base 15.
-46e68
-16a14d6 (base 14) to base 7
-163503556
What is 11c29 (base 15) in base 13?
1ca97
Convert 398581 (base 11) to base 10.
626264
35254155 (base 7) to base 15
415439
31004447 (base 8) to base 11
3778639
110010101110101010110 (base 2) to base 6
55343450
Convert 301021212 (base 4) to base 6.
4152010
8202432 (base 11) to base 5
12202412041
68752 (base 12) to base 14
38aaa
-342324 (base 7) to base 14
-18284
12c17 (base 14) to base 11
31850
76de (base 15) to base 16
6260
-110010010100011011010 (base 2) to base 10
-1648858
What is 18847093 (base 10) in base 16?
11f9575
What is -df1c7d (base 16) in base 8?
-67616175
-396047 (base 10) to base 4
-1200230033
What is 8969 (base 10) in base 4?
2030021
What is -97ac4 (base 14) in base 9?
-618481
What is -7347414 (base 8) in base 2?
-111011100111100001100
8666680 (base 10) to base 8
41037070
-41530 (base 7) to base 15
-305d
Convert 3b8a27 (base 15) to base 4.
22323102133
Convert -66652 (base 7) to base 16.
-419b
What is -100758 (base 9) in base 15?
-12a2e
Convert 86032 (base 12) to base 9.
287742
What is 10344203 (base 7) in base 14?
190773
What is 56260 (base 16) in base 12?
150254
103133013 (base 5) to base 6
13254215
Convert -31311101023 (base 4) to base 6.
-205415151
What is -100261426 (base 7) in base 8?
-26132204
Convert -101121021220 (base 3) to base 12.
-a0943
Convert 1a8435 (base 11) to base 6.
10455051
What is -34322132 (base 5) in base 12?
-12a154
What is -7691a09 (base 11) in base 3?
-221101221122111
Convert 210201201221 (base 3) to base 13.
11c8c6
Convert 1606240 (base 7) to base 4.
311320003
What is 1423204 (base 7) in base 4?
232211122
What is 79759 (base 14) in base 11?
191756
Convert 222010224 (base 5) to base 11.
602399
Convert 310aa (base 11) to base 16.
b13e
Convert -10c9 (base 16) to base 15.
-1417
Convert 355126 (base 8) to base 4.
131221112
-8290c4 (base 15) to base 2
-10111101011010101011001
Convert -458a3 (base 12) to base 10.
-92859
What is 2388d5 (base 14) in base 5?
302331403
What is -2152051 (base 6) in base 11?
-74190
Convert -10111011001 (base 3) to base 10.
-68635
-312310134 (base 5) to base 6
-43402114
Convert 160bdc (base 16) to base 6.
50545004
1233707 (base 10) to base 4
10231030223
-100111111000010111111 (base 2) to base 5
-313304230
24a7a73 (base 11) to base 6
233040411
-1703907 (base 10) to base 5
-414011112
3310301 (base 4) to base 12
9095
What is 1003121200 (base 4) in base 6?
5530024
Convert -31453510 (base 8) to base 15.
-8c73e6
What is -39cbf (base 16) in base 6?
-5023555
Convert -298464 (base 11) to base 9.
-777857
What is -1223355 (base 7) in base 12?
-77029
What is -1433146 (base 7) in base 10?
-193192
Convert 5362656 (base 7) to base 4.
2133230031
What is 122131131021 (base 4) in base 7?
112646502
Convert 20301332031 (base 4) to base 11.
133244a
What is -8aa489 (base 11) in base 16?
-161b05
16a866 (base 12) to base 16
5fa4e
Convert 275937 (base 11) to base 5.
102313443
7429 (base 15) to base 13
b247
What is 10011110000011011 (base 2) in base 6?
1422351
15681711 (base 9) to base 15
a50627
What is -898a1a (base 11) in base 2?
-101011101100111111000
What is -b48a58 (base 12) in base 5?
-1211213203
-105124231 (base 6) to base 7
-22232653
Convert 12114478 (base 10) to base